d 15.
5
Let l be (2752/16)/(-4 + 6/1). What is the greatest common divisor of 2 and l?
2
Let m be (10/(60/(-36654)))/((-6 + 12)/(-6)). Calculate the highest common divisor of m and 447.
149
Let y = 30 + -30. Suppose 5*i - 10 = y, 5*i - 3 = 4*s + 23. Let t be s/6 + (-3040)/(-24). What is the highest common factor of t and 42?
42
Suppose -105*y + 108*y = 5*t + 16509, -t = -3*y + 16533. Calculate the highest common divisor of 447 and y.
149
Suppose -49*k + 96979 = 65009 - 106259. Calculate the highest common divisor of 93 and k.
31
Let r = -70 + 106. Let p = r - -12. Suppose -s - 3*s + p = 0. Calculate the highest common divisor of 36 and s.
12
Suppose 45*n - 44*n = -4*h + 2630, n + 2626 = 4*h. Calculate the greatest common divisor of h and 365.
73
Suppose 10 = 2*a + 54. Let z be 1*5*a/(-55) - 2. Suppose z = -11*f + 8*f + 144. What is the greatest common divisor of 16 and f?
16
Let c(g) = -g**3 + 6*g**2 + 2*g - 5. Let v be c(6). Suppose 4*u + 303 + 253 = 0. Let b = u + 216. What is the greatest common factor of b and v?
7
Suppose 4683 = -14*l + 1365. Let y = 261 + l. Calculate the greatest common divisor of 3 and y.
3
Let t(l) = l**2 + 6*l - 5. Let o be t(-7). Let w be o/((-8)/(-243)) + 3/12. Let p = -23 + w. What is the greatest common divisor of p and 304?
38
Suppose -356 = 18*v - 1940. What is the greatest common factor of v and 3872?
88
Let h be -6 + 0 - (-407 + -8). Suppose 10*o + 89 - h = 0. Calculate the greatest common divisor of 8 and o.
8
Let p = -168 + 481. Let h = p + 1829. Suppose -h = -10*u - 7*u. What is the greatest common divisor of u and 14?
14
Suppose 0 = -6*o + 32 - 14. Suppose j - 55 = -o*m, 3*m = -0*j + 5*j - 329. What is the greatest common factor of 4 and j?
4
Let p = 3415 + -2223. Calculate the greatest common factor of p and 48.
8
Let b be (-477)/(-1590) + ((-231)/(-30) - 3). What is the highest common divisor of b and 11325?
5
Let w be (3 + -4)/(7/(-5124)). Let r = w - 727. What is the greatest common factor of 3 and r?
1
Suppose -17*r + 9891 + 8197 = 0. What is the highest common factor of 114 and r?
38
Let h = 16 + -9. Suppose 5*g - 2*l = -h*l + 695, -4*l = 3*g - 412. Calculate the highest common factor of g and 18.
18
Suppose -v - 19 = -2*v. Let a = v + -6. Suppose 14*y - 1405 = 597. What is the greatest common factor of y and a?
13
Let l be 764 + (1152/(-1248))/(2/(-13)). Calculate the highest common factor of l and 1.
1
Suppose 26*i = 22*i + 372. Suppose -53*d + 1593 = -2037 - 1299. Calculate the highest common factor of d and i.
93
Let c(r) = -2*r**3 - 2*r - 6. Let b = -28 - -25. Let p be c(b). Let u = p + -34. Calculate the greatest common divisor of 50 and u.
10
Let a be (-189)/18*6/(-14)*90. Let w = 485 - a. Calculate the greatest common divisor of 120 and w.
40
Let m = 20511 - 13847. What is the greatest common divisor of 294 and m?
98
Suppose -c - 192 = 2*k - 5*c, 0 = 2*k + 5*c + 192. Let r = k + 252. What is the highest common factor of 3 and r?
3
Suppose 3*b - a = 77 + 363, 12 = 3*a. Let p be (-1)/((-2)/(b - 6)). What is the greatest common factor of p and 71?
71
Let b(k) = 75*k**2 + 6*k + 2. Let q be b(-3). Let l = q + -372. Let f = -167 + l. What is the highest common factor of 40 and f?
40
Let j = 52 + -28. Let c(g) = 187*g - 1867. Let i be c(10). What is the highest common divisor of j and i?
3
Suppose 5*h = 2*v - 36, 9 = 5*h + 5*v + 59. Let a be (4/(-1))/h - (-18)/(-4). Let q be ((-1)/2)/(a/1152*3). What is the highest common factor of q and 96?
48
Suppose -35 - 7 = -7*n. Suppose -10*h + n = -7*h. Suppose 2*l + 377 = -h*f + 5*f, -2*f = -3*l - 253. Calculate the highest common divisor of 50 and f.
25
Let d(z) = 48*z - 8. Let o be d(1). What is the highest common divisor of 520 and o?
40
Suppose -4*r - 4 = 0, -6*x + x - 5*r = -795. Suppose 610 = -13*q + 18*q. Let a = q - 82. Calculate the highest common factor of a and x.
40
Let g(h) = -h**2 + h + 4. Let w be g(2). Suppose -262 = -w*l + j + j, -l + 133 = -2*j. Let x = -105 + l. What is the highest common factor of 56 and x?
8
Suppose -69*o + o = -4012. Let c(m) = 11*m - 7. Let i be c(6). What is the highest common factor of o and i?
59
Suppose -5*a = -5*d - 24 + 19, 2*d - 3*a = -5. Suppose -2700 = -13*o - d*o. Calculate the highest common divisor of 480 and o.
60
Let b be (-3083450)/(-13374) - 6*(-2)/27. Let z = 53 - 32. What is the highest common factor of z and b?
21
Let t(u) = -u**3 - 8*u**2 - 2*u - 8. Let a be t(-8). Suppose -4*j = -r - 220, 5*j + 7*r = 10*r + 268. What is the highest common factor of a and j?
8
Let l = -395 - -416. Let x(t) = -2*t - 8. Let n be x(-6). Let p(i) = 78*i - 18. Let a be p(n). Calculate the greatest common divisor of l and a.
21
Let b = -106 - -512. What is the highest common divisor of 464 and b?
58
Suppose 25 = f - 2*g - 399, 2*f - 896 = -2*g. What is the highest common divisor of f and 80?
40
Suppose -4*l + 9 + 45 = 2*z, -2*z + 4*l = -6. Let c(s) = s + 285. Let o be c(0). What is the highest common divisor of o and z?
15
Suppose 4*f - 6*f + 32 = 0. Suppose -5*q + 3*a + 947 = 0, f*q - 14*q - 394 = 5*a. What is the greatest common factor of q and 11?
11
Let q(x) = x**3 + 22*x**2 - 2*x - 33. Let y be q(-22). Let h = 61 + y. Calculate the highest common factor of 126 and h.
18
Suppose -53*y + 381699 = 158*y. What is the greatest common divisor of y and 134?
67
Suppose t - 4*a - 6 = 0, 2*a + 10 = t + 3*t. Suppose 0 = -t*s + 11*s. Suppose s = -4*p + 12*p - 48. Calculate the greatest common divisor of 2 and p.
2
Suppose 168*w - 3060 = 172*w. Let h = -724 - w. Calculate the highest common divisor of h and 205.
41
Let r = -13359 - -7269. Let i be r/(-189) + (-2)/9. Let g(l) = -2*l + 26. Let t be g(11). Calculate the greatest common factor of i and t.
4
Let j(u) = -u**2 + 6*u - 7. Let r(b) = b**3 - 4*b**2 - 10*b + 29. Let q be r(5). Let a be j(q). What is the highest common factor of a and 1?
1
Suppose 3*x = -5*w + 407, 151*w - 5*x + 140 = 153*w. Let a = 7 - 2. What is the greatest common factor of w and a?
5
Suppose -4*i = -4, 7*i - 10175 = -3*s + 8*i. Calculate the highest common divisor of 80 and s.
16
Suppose 48*s - 16 = 52*s. Let j be (s/2)/(((-203)/420)/29). What is the highest common divisor of 36 and j?
12
Let s = 94 - 112. Let k(w) = w**2 + 12*w - 41. Let p be k(s). What is the highest common divisor of p and 67?
67
Suppose 2*v = 4*a + 291 - 79, -3*v + 2*a = -322. Suppose 0 = -100*s + v*s - 72. Calculate the greatest common factor of s and 24.
3
Let s(h) = h**2 + 8*h + 7. Let w be s(-8). Let b = w + 7. Let u = 18084 + -18042. What is the highest common factor of u and b?
14
Let p(q) = 3*q**2 - 76*q - 807. Let f be p(39). Calculate the highest common factor of 5841 and f.
99
Let i(g) = -g**2 - 10*g. Let c be i(-9). Calculate the highest common factor of 972 and c.
9
Let q(d) = -26*d - 1072. Let r be q(-87). Calculate the highest common divisor of 255 and r.
85
Let c(d) = -864*d - 3757. Let u be c(-7). What is the greatest common divisor of 116 and u?
29
Let d = 45 - 13. Let x(o) = -o**3 + 23*o**2 - 42*o + 48. Let r be x(21). What is the greatest common divisor of r and d?
16
Let l = -619 - -621. Suppose 0 = 2*m + 4*z - 1908, -5*z = l*m - 10*z - 1881. Calculate the greatest common divisor of 12 and m.
12
Let z(m) = -m + 2. Let q = -390 + 388. Let b be z(q). What is the highest common divisor of b and 5?
1
Let x = 342 - 372. Let h(a) = a**3 + 31*a**2 + 16*a + 40. Let l be h(x). What is the highest common divisor of l and 10?
10
Let b(o) be the second derivative of -o**3/2 + 135*o**2/2 - 112*o. Let g be b(36). Calculate the highest common factor of 2 and g.
1
Let u = 4824 - 4793. What is the greatest common divisor of u and 31?
31
Suppose -93 = -4*f - 3*l + 132, -1617 = -30*f + l. Calculate the greatest common factor of 7956 and f.
18
Let k = 37 + -26. Let z be ((-3)/21)/((-451)/798721). Calculate the highest common divisor of k and z.
11
Let g be 17158/13 - -4 - 2/(-13). Suppose -2*a - 344 = -l, -g = 9*l - 13*l - 5*a. Calculate the highest common factor of l and 42.
42
Let z be (3/2)/(1/162). Let w be (((-144)/(-30))/4)/((-9)/(-4380)). Let r = w - 557. What is the greatest common divisor of r and z?
27
Let n = 956 + -683. Let o be (1773/394)/(1/104*4). Calculate the highest common factor of n and o.
39
Suppose 2*s - 2